-236612 (base 8) to base 11
-56090
Convert -636182 (base 11) to base 2.
-11111000101000111010
-24b0228 (base 12) to base 11
-4075277
295a3 (base 11) to base 14
11427
Convert 4310434 (base 6) to base 14.
57090
Convert -6226737 (base 8) to base 5.
-410301033
3828374 (base 9) to base 2
111111101010001011011
Convert 35474 (base 9) to base 3.
1012112111
What is 1230522402 (base 6) in base 5?
12131200121
865695 (base 14) to base 8
21263023
What is -1420145 (base 6) in base 15?
-18c62
2623253 (base 8) to base 16
b26ab
630c9 (base 16) to base 9
677463
101320301230 (base 4) to base 6
244300204
What is 604453 (base 8) in base 6?
4133031
What is 971139 (base 10) in base 3?
1211100011010
What is -3010020233 (base 5) in base 11?
-3396a16
-21110212201210 (base 3) to base 12
-13b7640
Convert -5714c5 (base 13) to base 11.
-1187306
What is 130633101 (base 7) in base 11?
478a429
What is -111101100000001101101 (base 2) in base 9?
-3711467
Convert 3166469 (base 11) to base 13.
1201320
What is -c3be3 (base 15) in base 14?
-1220c1
Convert -2bac66 (base 16) to base 7.
-33220361
What is 3465660 (base 10) in base 12?
11b1710
-21014722 (base 8) to base 4
-101001213102
1856278 (base 11) to base 12
1075ba7
Convert 1b0724 (base 13) to base 14.
13c365
What is -13adc1a (base 14) in base 13?
-1c9b9bb
164984 (base 11) to base 10
255402
What is 2211010001 (base 3) in base 12?
2813a
What is 2122303113 (base 4) in base 3?
1012012210010
2696a42 (base 13) to base 16
b97207
bebb (base 15) to base 10
40451
-134400 (base 9) to base 6
-1431300
Convert -14751a (base 14) to base 13.
-1bbc32
37ad0a (base 16) to base 9
6771157
What is 3660a0 (base 14) in base 9?
3445202
Convert 10320601 (base 7) to base 14.
18c501
21636615 (base 7) to base 15
2708e9
Convert 4617231 (base 8) to base 13.
34b43c
Convert 4749b0 (base 13) to base 6.
100201435
What is -200ac (base 14) in base 10?
-76984
12230200 (base 4) to base 6
330544
Convert 299ab7 (base 12) to base 2.
10101011001111101011
What is -35428 (base 12) in base 16?
-11720
86318 (base 10) to base 14
23658
4032969 (base 10) to base 12
1425a89
What is 6652165 (base 7) in base 14?
174935
-9225b9 (base 14) to base 11
-2863424
Convert 454100 (base 9) to base 5.
32200443
4214044 (base 6) to base 15
40844
Convert 5c507 (base 15) to base 9.
488287
What is -b45b1 (base 13) in base 7?
-2516312
What is 111212120020101 (base 3) in base 9?
14776211
Convert 1cb392 (base 14) to base 12.
417a98
Convert -101102010010 (base 3) to base 11.
-12aa73
-1381d (base 16) to base 12
-3a2a5
What is 1178055 (base 9) in base 5?
131023144
-344567 (base 8) to base 16
-1c977
What is -1027143 (base 10) in base 15?
-154513
-5652104 (base 8) to base 9
-2780227
What is -10809 (base 11) in base 16?
-3d02
Convert 4042387 (base 9) to base 8.
10156474
3083254 (base 9) to base 2
110010010101000111001
Convert -1253302 (base 6) to base 13.
-257c0
-1243211 (base 6) to base 15
-152b4
Convert -3030032134 (base 5) to base 8.
-27202057
1303043123 (base 5) to base 8
14070604
What is -1ac1720 (base 13) in base 6?
-514242153
-34440763 (base 8) to base 15
-9cd9e2
What is 1ebe3b (base 15) in base 16?
170468
-11010101110101011010010 (base 2) to base 3
-111011222200221
-406154 (base 7) to base 13
-25766
Convert 17455236 (base 8) to base 2.
1111100101101010011110
Convert -be6080 (base 15) to base 13.
-1b5cc13
Convert -42444300 (base 5) to base 4.
-1113232131
Convert -1000001100000000001 (base 2) to base 13.
-95168
-43100153 (base 6) to base 14
-24dd1b
Convert -2161663 (base 7) to base 6.
-5421001
What is -111232143 (base 5) in base 6?
-14321250
-211212011 (base 3) to base 16
-4117
Convert -55b17a (base 12) to base 2.
-101001101110000101110
What is -11000101000100100010 (base 2) in base 9?
-1460241
What is 2220111000 (base 3) in base 4?
31331331
-74474 (base 9) to base 2
-1100000001010010
-ffca (base 16) to base 9
-108737
3381b (base 13) to base 11
643a7
What is -5c7b3a (base 14) in base 15?
-429aa3
Convert 3415121 (base 6) to base 11.
109395
What is cb9755 (base 15) in base 3?
200020212211022
Convert -13453121 (base 6) to base 3.
-212021111211
Convert -c6599 (base 15) to base 9.
-1157760
-5456122 (base 8) to base 14
-2a2094
Convert -62893b (base 13) to base 8.
-10624033
What is -14514 (base 16) in base 7?
-464424
Convert -30032421 (base 5) to base 11.
-151851
1101001110001100000 (base 2) to base 6
13141440
-1a7b0b3 (base 12) to base 8
-25404707
-73b08 (base 14) to base 6
-5553032
Convert 2320123223 (base 4) to base 8.
2703353
Convert -2b749 (base 14) to base 6.
-2154033
a05a2 (base 11) to base 3
21110211011
Convert -427be0 (base 15) to base 16.
-304b84
-a8adc9 (base 15) to base 7
-125205306
7848e (base 16) to base 6
14320542
Convert 20000221120 (base 3) to base 9.
200846
What is 1203432022 (base 5) in base 14?
52aca3
Convert 104650416 (base 7) to base 5.
3111122303
Convert -208840 (base 16) to base 4.
-20020201000
Convert cdc6 (base 15) to base 9.
65736
Convert 3961069 (base 10) to base 13.
a88c38
-32121455 (base 6) to base 7
-11010563
78dca (base 15) to base 13
106012
What is -2440502 (base 8) in base 9?
-1233810
Convert 21510415 (base 6) to base 16.
9decb
What is -31b9a (base 12) in base 2?
-10000000001100110
b1b1 (base 14) to base 15
90aa
6388745 (base 11) to base 14
16c8903
Convert -13354344 (base 6) to base 11.
-288699
Convert 10005421 (base 6) to base 11.
182282
28a0448 (base 11) to base 2
10010111111011100101100
What is -512ad (base 16) in base 7?
-2553163
What is -b8193 (base 16) in base 4?
-2320012103
What is 2877ac (base 14) in base 9?
2568465
Convert -170775 (base 13) to base 5.
-121304444
What is 268518 (base 11) in base 9?
711722
-4a039 (base 11) to base 8
-214354
43d71 (base 15) to base 4
310221220
-51112 (base 7) to base 12
-721a
Convert -225434 (base 8) to base 12.
-38390
Convert 24331345 (base 6) to base 8.
2747661
What is 2064516 (base 7) in base 14?
67846
87298 (base 11) to base 13
45935
-73226 (base 8) to base 11
-20899
Convert -1724560 (base 9) to base 5.
-221230111
-264530 (base 9) to base 12
-79090
Convert -7006817 (base 9) to base 3.
-21000020220121
-8e465 (base 16) to base 7
-4645000
13ca4a (base 13) to base 5
111010332
-1112333332 (base 4) to base 10
-356350
3819ba (base 14) to base 13
525543
Convert -3dcf9 (base 16) to base 5.
-31100202
10440210 (base 6) to base 13
b0c7c
Convert -2ddde (base 15) to base 3.
-21112101002
What is 143432515 (base 6) in base 3?
12121010212002
Convert 1101011011001011010 (base 2) to base 8.
1533132
Convert -15f7e (base 16) to base 14.
-24b14
What is -22251315 (base 8) in base 13?
-cc32b5
Convert -c317c (base 13) to base 11.
-219724
What is -231053311 (base 6) in base 3?
-22000001221021
What is -11010101111100111 (base 2) in base 8?
-325747
Convert -19bd30 (base 14) to base 5.
-213310332
Convert -11011100100011010 (base 2) to base 16.
-1b91a
Convert -110011011101110100 (base 2) to base 14.
-56b76
Convert 21021012120 (base 3) to base 15.
2c5a9
Convert a6d95e (base 15) to base 2.
11110010011010101000001
-832609 (base 14) to base 10
-4424513
13434221 (base 6) to base 12
19b971
What is -2857163 (base 9) in base 15?
-211280
3234566 (base 7) to base 14
a416d
What is -1338a (base 11) in base 8?
-45227
Convert 222000222 (base 5) to base 15.
1420c7
What is 22350221 (base 6) in base 15?
d75d7
What is 101101011001010011 (base 2) in base 5?
21422224
Convert 2328563 (base 10) to base 11.
1350536
Convert 130423314 (base 5) to base 2.
10011100000011101001
What is -76c7 (base 13) in base 15?
-4d8b
Convert -1012013312 (base 4) to base 7.
-2304245
What is 11111101111100001 (base 2) in base 8?
375741
-30440137 (base 9) to base 8
-67572006
Convert -5545853 (base 9) to base 10.
-2983035
-1002202221002 (base 3) to base 13
-1769ab
-31836 (base 14) to base 2
-11101001100111000
Convert 10010033210 (base 4) to base 6.
34502552
155013343 (base 7) to base 15
dbd7b4
33251323 (base 7) to base 9
5353437
Convert -33002623 (base 7) to base 11.
-165a164
11010100102 (base 3) to base 14
21821
What is 1000001110100000111 (base 2) in base 10?
269575
Convert 5e25 (base 16) to base 3.
1020001122
Convert -35805 (base 10) to base 11.
-249a0
Convert -2471833 (base 9) to base 13.
-381ac2
Convert -67720 (base 15) to base 3.
-121201021110
What is -2120312222 (base 4) in base 2?
-10011000110